21 a prime number?
True
Is 31591 composite?
True
Is 6353 composite?
False
Is 336407 a composite number?
True
Is 279379 a prime number?
False
Is 16886 composite?
True
Is 200338 composite?
True
Is 460289 a composite number?
False
Is 3229517 a composite number?
False
Is 357223 a prime number?
False
Is 6737 prime?
True
Is 58433 composite?
True
Is 82595 a composite number?
True
Is 60769 a prime number?
False
Is 43501 prime?
False
Is 133901 prime?
False
Is 999263 prime?
False
Is 91193 composite?
False
Is 9733 a prime number?
True
Is 42043 a prime number?
True
Is 19351 a composite number?
True
Is 17769 a prime number?
False
Is 12385 a prime number?
False
Is 50171 composite?
True
Is 299938 a composite number?
True
Is 32107 prime?
False
Is 8335 a prime number?
False
Is 7537 composite?
False
Is 100787 a composite number?
False
Is 223859 a composite number?
True
Is 1679 composite?
True
Is 749 a prime number?
False
Is 145043 prime?
True
Is 5153 a prime number?
True
Is 2767 composite?
False
Is 1529 a prime number?
False
Is 67247 a composite number?
False
Is 297707 prime?
True
Is 287669 a composite number?
False
Is 46021 prime?
True
Is 572749 a composite number?
False
Is 19567 composite?
True
Is 464929 a composite number?
True
Is 187943 a prime number?
False
Is 831599 composite?
False
Is 8143 prime?
False
Is 15611 composite?
True
Is 1044994 a composite number?
True
Is 65089 a prime number?
True
Is 7003 composite?
True
Is 730919 composite?
True
Is 53349 prime?
False
Is 13709 composite?
False
Is 4115 composite?
True
Is 3389 prime?
True
Is 9977 a prime number?
False
Is 133442 a composite number?
True
Is 42538 a composite number?
True
Is 13669 prime?
True
Is 759589 a composite number?
False
Is 843131 composite?
False
Is 335 a composite number?
True
Is 16143 a composite number?
True
Is 869455 prime?
False
Is 4751 prime?
True
Is 15278 a prime number?
False
Is 201691 prime?
False
Is 67439 a composite number?
True
Is 619 a composite number?
False
Is 45481 a composite number?
False
Is 565681 a prime number?
False
Is 6863 prime?
True
Is 3989 a composite number?
False
Is 241559 prime?
True
Is 30757 prime?
True
Is 27031 a prime number?
True
Is 64507 prime?
False
Is 418811 composite?
False
Is 1196141 composite?
False
Is 24277 a composite number?
True
Is 65139 a prime number?
False
Is 25613 a prime number?
False
Is 194639 composite?
True
Is 519005 composite?
True
Is 532561 a prime number?
True
Is 2231 prime?
False
Is 9461 prime?
True
Is 45851 a composite number?
True
Is 124769 a prime number?
True
Is 707491 prime?
False
Is 170141 a prime number?
True
Is 2195 a prime number?
False
Is 7721 a composite number?
True
Is 74521 a prime number?
True
Is 30607 a composite number?
True
Is 787838 prime?
False
Is 179447 a prime number?
False
Is 46034 composite?
True
Is 405913 composite?
True
Is 257369 prime?
False
Is 1099 a prime number?
False
Is 347359 a composite number?
False
Is 582371 composite?
False
Is 2785 composite?
True
Is 170999 prime?
False
Is 141157 composite?
False
Is 48473 a composite number?
False
Is 5833 composite?
True
Is 47617 a composite number?
True
Is 391 prime?
False
Is 2045 a prime number?
False
Is 542193 a composite number?
True
Is 31163 composite?
True
Is 6324797 a composite number?
False
Is 38039 prime?
True
Is 32321 a prime number?
True
Is 348911 a composite number?
False
Is 1644427 a composite number?
True
Is 25061 a composite number?
True
Is 658337 a composite number?
True
Is 40913 a prime number?
False
Is 907 a prime number?
True
Is 35831 composite?
False
Is 32593 a composite number?
True
Is 2290369 composite?
False
Is 491707 a composite number?
False
Is 7817 composite?
False
Is 953773 a composite number?
False
Is 1403261 a composite number?
False
Is 106459 composite?
True
Is 19841 prime?
True
Is 723397 a composite number?
True
Is 39539 a prime number?
False
Is 99539 a composite number?
True
Is 154153 composite?
False
Is 63197 composite?
False
Is 314761 composite?
False
Is 67387 a prime number?
False
Is 20153 a composite number?
True
Is 303389 a prime number?
True
Is 11147 prime?
False
Is 2827 prime?
False
Is 1128383 composite?
False
Is 887665 prime?
False
Is 1423159 a prime number?
True
Is 1561259 prime?
False
Is 120005 a prime number?
False
Is 1018 a composite number?
True
Is 102605 a composite number?
True
Is 166111 prime?
False
Is 7193 a composite number?
False
Is 13859 composite?
False
Is 17519 a composite number?
False
Is 36587 composite?
False
Is 207889 a composite number?
True
Is 11789 prime?
True
Is 17087 a composite number?
True
Is 134003 a composite number?
True
Is 272939 a composite number?
True
Is 250229 a composite number?
True
Is 1211381 a prime number?
True
Is 20639 prime?
True
Is 1327691 a prime number?
False
Is 8819 composite?
False
Is 326903 composite?
False
Is 353357 composite?
True
Is 48385 a prime number?
False
Is 354917 prime?
False
Is 158489 prime?
True
Is 72217 composite?
True
Is 110251 a prime number?
True
Is 9127 prime?
True
Is 645571 prime?
True
Is 1919 composite?
True
Is 63241 composite?
False
Is 170123 prime?
True
Is 25427 composite?
True
Is 5701 a composite number?
False
Is 247663 a composite number?
True
Is 23619 composite?
True
Is 6005 prime?
False
Is 155351 composite?
True
Is 8621 a prime number?
False
Is 109423 composite?
False
Is 767 a composite number?
True
Is 791 a composite number?
True
Is 31303 prime?
False
Is 566 prime?
False
Is 7233 prime?
False
Is 4201 prime?
True
Is 7069 composite?
False
Is 3155 a prime number?
False
Is 1670953 composite?
False
Is 123106 prime?
False
Is 2749 prime?
True
Is 559 a composite number?
True
Is 126923 composite?
False
Is 12219 a prime number?
False
Is 378019 a prime number?
True
Is 410029 a prime number?
True
Is 254729 prime?
True
Is 22733 a composite number?
True
Is 5908403 prime?
True
Is 15959 a prime number?
True
Is 4127 a composite number?
False
Is 26189 composite?
False
Is 731011 a composite number?
True
Is 5519 prime?
True
Is 2282447 composite?
False
Is 17153 prime?
False
Is 1135 a prime number?
False
Is 236107 a prime number?
True
Is 1893127 composite?
True
Is 369743 composite?
True
Is 840547 a prime number?
True
Is 55579 prime?
True
Is 51307 a prime number?
True
Is 30183 prime?
False
Is 7057 a composite number?
False
Is 75497 a prime number?
False
Is 1607081 a prime number?
False
Is 808727 a prime number?
False
Is 21851 a prime number?
True
Is 1931 prime?
True
Is 7121 composite?
False
Is 1280291 a prime number?
True
Is 49663 prime?
True
Is 34415 composite?
True
Is 300211 a composite number?
True
Is 23038 a composite number?
True
Is 338703 composite?
True
Is 3383 prime?
False
Is 493 a composite number?
True
Is 1261 composite?
True
Is 7591 a prime number?
True
Is 992647 prime?
False
Is 64709 a composite number?
False
Is 298487 composite?
True
Is 2419 a prime number?
False
Is 5349 a prime number?
False
Is 18302 a composite number?
True
Is 133347 prime?
False
Is 4573 a prime number?
False
Is 1150291 prime?
False
Is 10937 prime?
True
Is 328093 a composite number?
False
Is 120279 composite?
True
Is 19099 a prime number?
False
Is 9953 prime?
False
Is 547709 a composite number?
False
Is 2317 a composite number?
True
Is 186803 a composite number?
True
Is 2281 a composite number?
False
Is 7729 composite?
True
Is 1822 composite?
True
Is 28361 composite?
True
Is 77191 composite?
False
Is 707527 composite?
False
Is 2464837 a prime number?
True
Is 28213 a composite number?
True
Is 11631 composite?
True
Is 367963 a composite number?
True
Is 216079 composite?
True
Is 192761 prime?
False
Is 251609 a prime number?
True
Is 45377 prime?
True
Is 326437 a composite number?
False
Is 37523 a composite number?
True
Is 26981 prime?
True
Is 104513 prime?
True
Is 10183 a composite number?
True
Is 290137 composite?
False
Is 44057 prime?
False
Is 202669 composite?
True
Is 44483 a prime number?
True
Is 3084355 a prime number?
False
Is 292339 composite?
True
Is 16735 a composite number?
True
Is 4289 prime?
True
Is 838499 prime?
False
Is 694939 composite?
True
Is 65339 composite?
True
Is 6317 a composite number?
False
Is 6559 composite?
True
Is 7529 a prime number?
True
Is 989717 a prime number?
False
Is 67597 a prime number?
False
Is 1319 composite?
False
Is 2897 a prime number?
True
Is 2327543 composit